{"id":1031,"date":"2019-04-07T22:23:24","date_gmt":"2019-04-07T20:23:24","guid":{"rendered":"http:\/\/www.horizon-dunes.ch\/wordpress\/?page_id=1031"},"modified":"2019-04-07T22:24:43","modified_gmt":"2019-04-07T20:24:43","slug":"echange-de-liens-interessants","status":"publish","type":"page","link":"https:\/\/horizon-dunes.ch\/wordpress\/?page_id=1031","title":{"rendered":"Echange de liens int\u00e9ressants"},"content":{"rendered":"<p><a href=\"http:\/\/www.voyage4x4.com\" target=\"_blank\"><img loading=\"lazy\" decoding=\"async\" class=\"alignleft size-full wp-image-1032\" alt=\"Logo voyage4x4\" src=\"https:\/\/www.horizon-dunes.ch\/wordpress\/wp-content\/uploads\/2019\/04\/Logo-voyage4x4.jpg\" width=\"417\" height=\"117\" srcset=\"https:\/\/horizon-dunes.ch\/wordpress\/wp-content\/uploads\/2019\/04\/Logo-voyage4x4.jpg 417w, https:\/\/horizon-dunes.ch\/wordpress\/wp-content\/uploads\/2019\/04\/Logo-voyage4x4-300x84.jpg 300w\" sizes=\"auto, (max-width: 417px) 100vw, 417px\" \/><\/a><\/p>\n<p>&nbsp;<\/p>\n<p>&nbsp;<\/p>\n<p>&nbsp;<\/p>\n<h2><strong>Pour ceux qui utilisent les guides Gandini<\/strong><\/h2>\n<p>Il est possible d&#8217;obtenir aupr\u00e8s des \u00e9ditions Gandini des CD (un CD par guide) contenant tous les waypoints et routes mentionn\u00e9es dans les guides. Chaque CD co\u00fbte 20 EUR.<\/p>\n<p>Lien pour les t\u00e9l\u00e9chargements : <a href=\"http:\/\/www.extrem-sud.com\/telechargements.html\" target=\"_blank\">Editions Extrem Sud<\/a><\/p>\n<p>&nbsp;<\/p>\n<p>&nbsp;<\/p>\n<p>&nbsp;<\/p>\n<p>&nbsp;<\/p>\n","protected":false},"excerpt":{"rendered":"<p>&nbsp; &nbsp; &nbsp; Pour ceux qui utilisent les guides Gandini Il est possible d&#8217;obtenir aupr\u00e8s des \u00e9ditions Gandini des CD (un CD par guide) contenant tous les waypoints et routes mentionn\u00e9es dans les guides. Chaque CD co\u00fbte 20 EUR. Lien pour les t\u00e9l\u00e9chargements : Editions Extrem Sud &nbsp; &nbsp; &nbsp; &nbsp;<\/p>\n","protected":false},"author":1,"featured_media":0,"parent":147,"menu_order":0,"comment_status":"closed","ping_status":"closed","template":"page-templates\/full-width.php","meta":{"footnotes":""},"class_list":["post-1031","page","type-page","status-publish","hentry"],"_links":{"self":[{"href":"https:\/\/horizon-dunes.ch\/wordpress\/index.php?rest_route=\/wp\/v2\/pages\/1031","targetHints":{"allow":["GET"]}}],"collection":[{"href":"https:\/\/horizon-dunes.ch\/wordpress\/index.php?rest_route=\/wp\/v2\/pages"}],"about":[{"href":"https:\/\/horizon-dunes.ch\/wordpress\/index.php?rest_route=\/wp\/v2\/types\/page"}],"author":[{"embeddable":true,"href":"https:\/\/horizon-dunes.ch\/wordpress\/index.php?rest_route=\/wp\/v2\/users\/1"}],"replies":[{"embeddable":true,"href":"https:\/\/horizon-dunes.ch\/wordpress\/index.php?rest_route=%2Fwp%2Fv2%2Fcomments&post=1031"}],"version-history":[{"count":4,"href":"https:\/\/horizon-dunes.ch\/wordpress\/index.php?rest_route=\/wp\/v2\/pages\/1031\/revisions"}],"predecessor-version":[{"id":1036,"href":"https:\/\/horizon-dunes.ch\/wordpress\/index.php?rest_route=\/wp\/v2\/pages\/1031\/revisions\/1036"}],"up":[{"embeddable":true,"href":"https:\/\/horizon-dunes.ch\/wordpress\/index.php?rest_route=\/wp\/v2\/pages\/147"}],"wp:attachment":[{"href":"https:\/\/horizon-dunes.ch\/wordpress\/index.php?rest_route=%2Fwp%2Fv2%2Fmedia&parent=1031"}],"curies":[{"name":"wp","href":"https:\/\/api.w.org\/{rel}","templated":true}]}}