{"id":9,"date":"2013-10-02T21:03:08","date_gmt":"2013-10-02T20:03:08","guid":{"rendered":"http:\/\/www.horizon-dunes.ch\/wordpress\/?page_id=9"},"modified":"2023-09-16T16:11:49","modified_gmt":"2023-09-16T14:11:49","slug":"accueil","status":"publish","type":"page","link":"https:\/\/horizon-dunes.ch\/wordpress\/","title":{"rendered":"A propos"},"content":{"rendered":"<p>En conformit\u00e9 avec le RGPD, nous n\u2019utilisons pas de cookies pour tracer les activit\u00e9s sur notre site internet ni de service d\u2019analyse d\u2019audience tel que Google Analytics. Nous conservons uniquement les statistiques anonymes provenant de notre h\u00e9bergeur nous permettant d\u2019identifier le taux de fr\u00e9quentation de notre site.<\/p>\n<p style=\"text-align: justify;\"><a href=\"https:\/\/www.horizon-dunes.ch\/wordpress\/wp-content\/uploads\/2013\/10\/logo_web.jpg\"><img loading=\"lazy\" decoding=\"async\" class=\" wp-image-488 alignleft\" src=\"https:\/\/www.horizon-dunes.ch\/wordpress\/wp-content\/uploads\/2013\/10\/logo_web.jpg\" alt=\"logo_web\" width=\"262\" height=\"110\" \/><\/a>Bienvenue aux personnes qui pratiquent le tourisme responsable, qui contrairement au tourisme de masse\u00a0 essentiellement commercial, est une fa\u00e7on de voyager en petits groupes qui respectent au mieux les enjeux de d\u00e9veloppement local, de protection de l\u2019environnement et de rencontre avec les populations.<\/p>\n<p style=\"text-align: justify;\">J\u2019ai effectu\u00e9 des raids en Alg\u00e9rie, Egypte, Jordanie, Libye, Maroc, Mongolie et Tunisie. Ils ont \u00e9t\u00e9 effectu\u00e9s en petits groupes d&#8217;amis (maximum 4-5 v\u00e9hicules), organis\u00e9s par nous-m\u00eame ou avec un guide local.<\/p>\n<p style=\"text-align: justify;\">L&#8217;objectif de nos raids est la d\u00e9couverte et les contacts. Nos \u00e9tapes journali\u00e8res ne sont pas longues comme un jour sans pain et les semelles de plomb sont bannies de notre groupe. Avec les \u00e9v\u00e8nements actuels, la d\u00e9couverte en 4&#215;4 s&#8217;est r\u00e9tr\u00e9cie comme une peau de chagrin, mais elle reste encore r\u00e9alisable l\u00e0 o\u00f9 on peut aller sans risquer un s\u00e9jour forc\u00e9 de tr\u00e8s longue dur\u00e9e, ou alors dans son fauteuil en toute s\u00e9curit\u00e9 avec la r\u00e9alit\u00e9 virtuelle !!.<\/p>\n<p style=\"text-align: justify;\"><strong>Objectifs de\u00a0ce site<br \/>\n<\/strong>Avec les smartphones et les tablettes Andro\u00efd,\u00a0il est possible maintenant de cr\u00e9er et personnaliser \u00e0 un co\u00fbt minimum son propre GPS de navigation avec ses cartes personnelles. C\u2019est pourquoi je consacre les pages de ce site \u00e0 l\u2019installation de son GPS avec Ozi sous Andro\u00efd et \u00e0 la gestion de\u00a0ses cartes personnelles.<br \/>\nSi vous utilisez Ozi CE sur une tablette, toutes les informations des pages concernant la gestion des cartes sont aussi applicables pour Ozi CE.<br \/>\n<em><strong>Note:<\/strong> Bien que je l&#8217;utilise aussi Ozi Explorer en version PC, il n&#8217;y a aucune information sur ce site concernant l&#8217;utilisation PC d&#8217;Ozi Explorer. D&#8217;autres sites et forums le font mieux que je le ferai.<br \/>\n<\/em><\/p>\n<p style=\"text-align: justify;\">J&#8217;ai aussi profit\u00e9 de publier quelques souvenirs de raids inhabituels auxquels j&#8217;ai particip\u00e9, mais loin de moi l&#8217;id\u00e9e de vous donner des conseils, chacun vit ses raids \u00e0 sa fa\u00e7on.<\/p>\n<p style=\"text-align: center;\"><strong><a href=\"https:\/\/horizon-dunes.ch\/wordpress\/wp-content\/uploads\/2020\/10\/Maroc-2010-scaled.jpg\"><img loading=\"lazy\" decoding=\"async\" class=\"aligncenter wp-image-1053\" src=\"https:\/\/horizon-dunes.ch\/wordpress\/wp-content\/uploads\/2020\/10\/Maroc-2010-scaled.jpg\" alt=\"\" width=\"435\" height=\"289\" srcset=\"https:\/\/horizon-dunes.ch\/wordpress\/wp-content\/uploads\/2020\/10\/Maroc-2010-scaled.jpg 2560w, https:\/\/horizon-dunes.ch\/wordpress\/wp-content\/uploads\/2020\/10\/Maroc-2010-300x199.jpg 300w, https:\/\/horizon-dunes.ch\/wordpress\/wp-content\/uploads\/2020\/10\/Maroc-2010-1024x680.jpg 1024w, https:\/\/horizon-dunes.ch\/wordpress\/wp-content\/uploads\/2020\/10\/Maroc-2010-768x510.jpg 768w, https:\/\/horizon-dunes.ch\/wordpress\/wp-content\/uploads\/2020\/10\/Maroc-2010-1536x1020.jpg 1536w, https:\/\/horizon-dunes.ch\/wordpress\/wp-content\/uploads\/2020\/10\/Maroc-2010-2048x1360.jpg 2048w, https:\/\/horizon-dunes.ch\/wordpress\/wp-content\/uploads\/2020\/10\/Maroc-2010-624x414.jpg 624w\" sizes=\"auto, (max-width: 435px) 100vw, 435px\" \/><\/a><\/strong><\/p>\n<p>Mes premi\u00e8res exp\u00e9riences en conduite tout terrain ont commenc\u00e9 en 1962 comme chauffeur militaire sur des Willys, des Dodges WC. et d\u2019autres 4\u00d74 militaires qui sont maintenant class\u00e9s collection, j&#8217;ai d\u2019ailleurs une Willys CJ2A 1948 que je bichonne. Mes 4\u00d74 personnels ont \u00e9t\u00e9: Land Rover 90, Land Rover Defender TD, PUCH GE 260, Mitsubishi Pajero, Willys CJ2A (1948), Toyota s\u00e9ries 9, et l\u2019actuel : un Toyota HZJ74 4.2 L\u00a06 cyl, sans \u00e9lectronique. Il ne va pas vite, mais c\u2019est du fiable \ud83d\ude42 .<\/p>\n","protected":false},"excerpt":{"rendered":"<p>En conformit\u00e9 avec le RGPD, nous n\u2019utilisons pas de cookies pour tracer les activit\u00e9s sur notre site internet ni de service d\u2019analyse d\u2019audience tel que Google Analytics. Nous conservons uniquement les statistiques anonymes provenant de notre h\u00e9bergeur nous permettant d\u2019identifier le taux de fr\u00e9quentation de notre site. Bienvenue aux personnes qui pratiquent le tourisme responsable, [&hellip;]<\/p>\n","protected":false},"author":1,"featured_media":0,"parent":0,"menu_order":0,"comment_status":"open","ping_status":"open","template":"page-templates\/front-page.php","meta":{"footnotes":""},"class_list":["post-9","page","type-page","status-publish","hentry"],"_links":{"self":[{"href":"https:\/\/horizon-dunes.ch\/wordpress\/index.php?rest_route=\/wp\/v2\/pages\/9","targetHints":{"allow":["GET"]}}],"collection":[{"href":"https:\/\/horizon-dunes.ch\/wordpress\/index.php?rest_route=\/wp\/v2\/pages"}],"about":[{"href":"https:\/\/horizon-dunes.ch\/wordpress\/index.php?rest_route=\/wp\/v2\/types\/page"}],"author":[{"embeddable":true,"href":"https:\/\/horizon-dunes.ch\/wordpress\/index.php?rest_route=\/wp\/v2\/users\/1"}],"replies":[{"embeddable":true,"href":"https:\/\/horizon-dunes.ch\/wordpress\/index.php?rest_route=%2Fwp%2Fv2%2Fcomments&post=9"}],"version-history":[{"count":38,"href":"https:\/\/horizon-dunes.ch\/wordpress\/index.php?rest_route=\/wp\/v2\/pages\/9\/revisions"}],"predecessor-version":[{"id":1155,"href":"https:\/\/horizon-dunes.ch\/wordpress\/index.php?rest_route=\/wp\/v2\/pages\/9\/revisions\/1155"}],"wp:attachment":[{"href":"https:\/\/horizon-dunes.ch\/wordpress\/index.php?rest_route=%2Fwp%2Fv2%2Fmedia&parent=9"}],"curies":[{"name":"wp","href":"https:\/\/api.w.org\/{rel}","templated":true}]}}